 = h - -211. What is the greatest common factor of z and 108?
54
Suppose 3*g - 3*p + 5*p - 19 = 0, -1 = 3*g - 2*p. Suppose -3*q + 4*s + 45 = -56, 0 = -5*s - 25. What is the highest common divisor of g and q?
3
Let j be ((-4)/5)/((-3)/120). Suppose 4*f - 10 = n, -3*f - 4*n - 10 = -27. Let i(m) = m + 1. Let u be i(f). Calculate the highest common factor of u and j.
4
Let p(w) = -64*w - 19 + 2*w**2 - 22*w + 104*w. Let c be p(7). What is the highest common divisor of 123 and c?
41
Let a be (1833/12 + 2)/(16/2496). What is the greatest common factor of 13 and a?
13
Let a be (1/((-4)/(-10)))/((-5)/(-4)). Suppose 4*j = -3*g + 4*g + 11, 3*g - a*j = 17. Let f = 25 + -24. What is the greatest common factor of g and f?
1
Let c = 333 + -128. What is the greatest common factor of 43255 and c?
205
Let k = -6 - -90. Let z = 98 + -47. Let w = k - z. What is the highest common divisor of w and 22?
11
Let k(a) = -7*a**3 + 4*a**2 + 10*a - 32. Let g be k(-4). What is the greatest common factor of 28 and g?
4
Suppose 0 = 3*a - 2*i - 120, -55*a = -46*a + 2*i - 312. Let h be (-1)/5 + (-721)/(-5). Calculate the greatest common divisor of h and a.
36
Suppose 4*w - 39 = 45. Suppose -718*d = -724*d + 882. What is the highest common divisor of d and w?
21
Suppose -7*t + 99 = -76. Let u = 72 - t. Calculate the highest common factor of 1 and u.
1
Let v(d) = 32*d + 77. Let h be v(-2). What is the greatest common divisor of 767 and h?
13
Let w be (-406)/(-8) + (-60)/80. Calculate the greatest common factor of 2725 and w.
25
Let f be 4/12*-3 + 37. Suppose 24 + f = 5*g. Let d be (38 + -6 + g)*(-2)/(-8). Calculate the highest common divisor of 77 and d.
11
Let b = 20748 - 19648. Calculate the greatest common divisor of 44 and b.
44
Let p be 0/2 + (-315)/(-525)*(-10)/(-6). What is the highest common divisor of p and 443?
1
Suppose 3*g + 479 = 5*j, g = 8 - 1. What is the highest common factor of j and 10300?
100
Let o(m) = -m**3 - 17*m**2 + 19*m + 21. Let p be o(-18). Suppose -46 = -2*i + 2*j, j = 2*j + p. Calculate the highest common divisor of 32 and i.
4
Let k(a) = a**2 + 14*a + 25. Let l = 8 - 15. Let j be k(l). Let u = j - -53. Calculate the greatest common divisor of u and 203.
29
Let m(t) = -43*t + 32. Let g be m(-4). Suppose -52 = -2*i + s, -5*i + 6*s + 124 = 5*s. Calculate the highest common divisor of g and i.
12
Let u(g) = 35*g + 88. Let s be u(24). Calculate the greatest common divisor of 96 and s.
32
Let n = 140 - -70. Let l = n + -55. Calculate the greatest common divisor of 31 and l.
31
Let c be (-4)/(-22) - (-5950)/550. What is the highest common factor of c and 7909?
11
Let p(n) = 301*n - 1955. Let j be p(7). What is the greatest common factor of 1197 and j?
19
Let n(p) = p + 6 + 6 + 8*p - 7. Let w be n(5). Let g be (18/(-15))/((-2)/w). Calculate the highest common factor of 10 and g.
10
Let c = -566 + 674. Suppose -3*d + 5*d - 524 = 5*k, -1004 = -4*d - k. What is the highest common factor of d and c?
36
Let s(h) = h + 7. Let i be s(-5). Suppose -i*u - 2*u + 108 = 0. Let g = -8107 - -8113. What is the highest common divisor of u and g?
3
Suppose -8 = -2*q - 0. Let w(d) = -d**2 + 8*d - 11. Let r be w(4). Suppose z + 11 = 4*z + 2*l, r*z - 17 = -3*l. What is the greatest common factor of q and z?
1
Suppose 1608 = 4*j + 3*i + i, 4*i = -2*j + 802. Suppose 14*t - t = j. Suppose -11*v + 97 = t. Calculate the highest common divisor of v and 15.
3
Suppose 26*u = 27*u + 28. Let p = u + 28. Suppose 2*r - l - 69 = p, 0 = r + 5*l - 3 - 37. Calculate the highest common factor of 140 and r.
35
Suppose -2*r - 3*n = -819 - 1085, -3*r + 2835 = n. Calculate the highest common factor of r and 69.
23
Let a be (-8)/(-28) + 36/21 - -70. Let m be (-62)/(-6) + 4/(-12). Suppose -m + 1 = -f. Calculate the greatest common factor of a and f.
9
Let j = 274 - 241. Let c = 449 + -446. Calculate the highest common factor of j and c.
3
Let a be 511/19 + 406/3857. Calculate the greatest common divisor of 2259 and a.
9
Suppose 32*l - 1192 - 1336 = 0. Suppose -5*z - 29 = -l. Calculate the highest common factor of z and 90.
10
Let h = -1035 - -1043. Calculate the greatest common factor of h and 968.
8
Let c = -996 - -1114. What is the greatest common divisor of c and 885?
59
Let l = -92 - -96. Suppose 5*r - 5*d + 12 = 57, -l*d = 16. Suppose r*g + 230 = 10*i - 5*i, -3*i + g + 142 = 0. What is the highest common factor of i and 24?
24
Let z(p) = 329*p - 2184. Let l be z(9). What is the greatest common factor of l and 296?
37
Let y = 122 + -128. Let o be (-4)/6 + (-544)/y. Calculate the greatest common divisor of 54 and o.
18
Let u be 2 + -5 - 1/((-1)/689). Suppose -13*l - 218 = -u. Let x be ((-4)/(-6))/(3/162). Calculate the greatest common divisor of l and x.
36
Let c be (-5)/(-2)*64/20. Suppose -4*x + c + 4 = 0. Let r(g) = g**3 + 10*g**2 + 18*g + 12. Let z be r(-3). What is the greatest common divisor of x and z?
3
Let v = -179 - -206. Let i be -3 - -1 - (-189)/v. Let c(m) = -m**2 + 7*m + 5. Let f be c(7). Calculate the greatest common factor of i and f.
5
Suppose 3*b - 63 = -2*j, 3*j + 2*b - 23 = 59. Let k(h) = 3*h - 2. Let o be k(6). Calculate the greatest common divisor of o and j.
8
Let v = -138 + 175. Suppose 4*f = 501 + 467. Let j = -94 + f. What is the greatest common factor of j and v?
37
Let n(m) = -m**3 - 34*m**2 + 228*m + 16. Let q be n(-40). Calculate the greatest common factor of q and 1424.
16
Let v = -138 + 74. Let y(u) = 2*u**2 + 2*u - 8. Let j be y(-8). Let r = v + j. What is the highest common divisor of r and 16?
8
Let c be ((-14946)/(-24))/((3 - 4)/(-12)). Calculate the highest common divisor of c and 423.
141
Suppose 0 = -6*b - 605 + 731. Let n(y) = y**3 - 3*y**2 - 5*y + 4. Let r be n(4). Suppose r*z + z - 21 = 0. What is the greatest common factor of z and b?
21
Let d(w) = -17*w + 303. Let t be d(18). Let o be (-4 - (-6)/6)*t/3. Calculate the greatest common divisor of 201 and o.
3
Let f = -345 - -591. Suppose 9*k - f = 3*k. Let c = 152 - -176. What is the highest common factor of c and k?
41
Suppose -24 = 2*s - 90. Let o be (-256)/80*-5 - -17. Calculate the greatest common factor of o and s.
33
Let t(k) = k**3 + 11*k**2 + 10*k - 8. Let m be t(-11). Let y be 10/4 + -2 + (-135877)/m. Calculate the greatest common factor of 36 and y.
36
Suppose 3*a + 259 = i, -3*a + i - 255 = 4*i. Let q = 152 + a. Calculate the highest common factor of 22 and q.
22
Suppose 5*z - 80 = -5*v, -5*z - 73 = -4*v - 0*z. Suppose -2195 = -21*g + 16*g. Let x = g + -422. What is the highest common factor of v and x?
17
Suppose s - 123 = -2*s. Suppose s*x + 77 = 48*x. What is the greatest common divisor of x and 4?
1
Let k be (66/(-22))/((-1)/13). Suppose -k + 535 = 4*i. Calculate the greatest common factor of 93 and i.
31
Suppose 64*g - 8417 = -6223 + 38062. What is the greatest common factor of 425 and g?
17
Suppose 52*j - 19126 = 51*j - 4*u, j - 19156 = u. Calculate the greatest common divisor of 25 and j.
25
Let g(v) = 2*v**2 + 2*v + 2. Let m be g(-1). Let n be (0 + m)/((-4)/(-18)). Calculate the highest common factor of n and 279.
9
Let f(s) = s**3 + 27*s**2 + 14*s - 78. Let r be f(-26). Calculate the greatest common divisor of r and 26.
26
Suppose 3*z - 3 = 0, 2*a + 5*z = z - 94. Let p = a - -5. Let c be (((-132)/(-16))/3)/((-1)/p). What is the highest common divisor of c and 11?
11
Let y = -674 + 680. Let p(b) = -b**3 + 3*b**2 + 19*b - 3. Let v be p(y). What is the greatest common divisor of 4 and v?
1
Let b(v) = 10*v**2 + 4. Let c be b(-2). Suppose -4*h + 1318 = -2*i, -21*i + 25*i = 4. Calculate the greatest common factor of c and h.
22
Suppose -1502*l = -1499*l - 12. Suppose l*h - 2169 = 1523. What is the highest common factor of h and 13?
13
Let p = -78 + -19. Let a = p - -107. Let z be (-8070)/(-21) + a/(-35). Calculate the greatest common factor of 48 and z.
48
Let z(g) = -5*g**2 - 16*g - 43. Let o(a) = 4*a**2 + 14*a + 44. Let u(f) = 4*o(f) + 3*z(f). Let i be u(-5). Calculate the greatest common divisor of 18 and i.
2
Let j(u) = u - 14. Let s be j(26). Let m be s/(-30) - 84/(-10). What is the greatest common divisor of 36 and m?
4
Let p(w) = 2*w**3 - 10*w**2 + 6*w - 42. Let v be p(9). Suppose -2*n - 4*n + v = 0. What is the highest common factor of n and 99?
11
Let g = -205 + 204. Let r be (-